 6)) + -5.
-5
What is the value of (4 - (0 - -5)) + 0 - 3?
-4
What is -3 - (6 - 10 - -4)?
-3
What is the value of -6 + (1 - -1) + (3 - 4)?
-5
What is the value of -6 - ((3 - 0) + -10)?
1
Evaluate 6 + 5 + (-2 - 18) + 6.
-3
0 + (1 + -4 - -5)
2
What is the value of 1 + -4 + -46 + 55?
6
Calculate -4 + (-6 - -6) + 9.
5
Calculate 4 + (-1 + 2 - (-8 + 13)).
0
What is the value of (-2 - 6) + -15 + 18?
-5
4 + 3 + 2 + -3
6
8 - (17 - (3 + 5))
-1
What is 19 + -33 - (3 - 10)?
-7
Calculate (-7 - 2 - -9) + 0 + 3.
3
What is the value of -1 + 7 - 3 - 1?
2
-6 + (15 - 6 - (-2 + -1))
6
What is 10 - -3 - 15 - (-7 - 0)?
5
-1 + 4 + -9 + 5 - -7
6
Evaluate 0 + (6 - 2) + -9.
-5
What is the value of (-6 - (6 - (2 - -11))) + -3?
-2
What is the value of 2 - (6 - 3 - (2 + 4))?
5
(-3 - -1 - 0 - 2) + -3
-7
-5 + 1 + 2 + 3 + 1
2
Evaluate (4 - (-7 + 2)) + -4.
5
What is (1 - 4 - -6) + -5?
-2
-2 - (-6 + -6 - (0 - 7))
3
1 - (37 + -32 - (11 + 0))
7
Calculate -1 - (-1 - (0 - -2)).
2
Calculate (0 - (1 + 0) - 0) + 1.
0
What is the value of -8 - 5 - -4 - -10?
1
Calculate 6 - (7 - (-1 + 7)).
5
What is (3 - 1 - -3) + (8 - 9)?
4
8 - (3 + 2 + -2 + 0)
5
Evaluate -5 + -5 + (-2 - (-6 + -6)).
0
Calculate (2 - 0) + -4 + 7 + -1.
4
-106 - -94 - (2 + 0 + -10)
-4
What is the value of 3 + (-1 - (-6 + 9))?
-1
Evaluate (7 - 1) + (-92 - -80).
-6
Calculate -12 + (-3 - -6) - (-3 + -1).
-5
Evaluate 1 - 2 - (4 + (2 - 2)).
-5
What is the value of 4 + (-5 - (5 - 5) - -1)?
0
What is (14 - 0 - 22) + 17?
9
What is 1 + (-2 - 1) + -3?
-5
Evaluate 0 + (-3 + 3 - -4 - 1).
3
8 - 13 - (2 + 1 + -2)
-6
-11 + -4 + 26 - 6
5
What is 2 + (-12 - -3) + 0 + 4?
-3
What is the value of -8 + (0 - -5 - 0)?
-3
Calculate -12 + (13 - 8) - (-6 - 0).
-1
Evaluate -9 - (2 - 11 - (1 - 3)).
-2
What is the value of (-7 - -7) + -1 + -4?
-5
Evaluate 4 + 2 - 2 - 5 - 0.
-1
What is (9 - 2) + -4 - (2 - -3)?
-2
Evaluate 3 - ((-1 - -4) + -2 + -2).
4
Evaluate 42 + -40 - (6 + 2).
-6
What is 1 + -5 - (-4 - (-4 - 0))?
-4
-1 - -3 - -2 - (9 + -11)
6
Evaluate 28 + -34 + (2 - (0 + 0)).
-4
Evaluate 8 - (19 + -3 + -1).
-7
What is the value of 1 - (-6 - (-5 + 5 + -5))?
2
Calculate -4 - (0 - 3) - (-2 - 1).
2
What is -49 + 48 + (6 - -1)?
6
(0 + -6 - -4) + -2
-4
Calculate -2 - (6 + -15 + 14).
-7
Calculate 12 + -24 + 0 + 5.
-7
Calculate 4 - (5 - (-1 - -3)).
1
45 - 48 - (-1 - 0 - -1)
-3
Calculate -10 + 2 + 2 + 1 + 7.
2
Evaluate 2 + -13 + 1 + -3 - -6.
-7
What is the value of -1 + 3 + -3 + -3?
-4
(22 - 26) + (2 + 2 - 7)
-7
Evaluate 1 - (2 - ((4 - -1) + -3)).
1
Evaluate 0 + 2 + (-11 - -5).
-4
3 + -1 + (-3 - -6)
5
Evaluate -3 - (-12 + 7) - (0 - 3).
5
What is -21 + 29 - (6 + 2) - 1?
-1
What is the value of (-2 - -1) + (3 - (2 - -5))?
-5
Evaluate 8 + (-5 - (2 - 2)) + -1.
2
Evaluate -2 + 4 + -8 + 6.
0
What is -3 - (1 + (2 - 3))?
-3
Calculate -77 - -88 - (3 - 0).
8
What is -2 - -1 - (-3 - -3)?
-1
6 - 3 - (4 - 1) - 1
-1
What is (-12 - (-3 + -1)) + 6?
-2
What is the value of -2 + -4 + 2 - -2 - -1?
-1
Calculate 4 - -3 - 4 - 0.
3
Calculate (6 + -4 - 4) + 5.
3
What is (6 - 2) + (98 - 107)?
-5
Evaluate -6 + (-2 + 1 - -2).
-5
(11 - 22) + (1 - -11)
1
What is 5 + 0 + (1 - 3)?
3
What is 0 - (0 + -1 + -2 + 3)?
0
Evaluate 0 - (3 - (2 + -3 - 1)).
-5
Calculate 3 + (10 + -5 - 5) + -1.
2
What is the value of 7 + (-3 - (18 + -9))?
-5
1 + 3 + -10 + 9
3
-9 - (4 - 5) - -12
4
What is 0 - (3 + -3 + 2) - -2?
0
-3 + -1 + -3 + -2 + 6
-3
What is 0 - 5 - -4 - -3 - 1?
1
Calculate 0 + -3 + (-2 + 2 - 0).
-3
Calculate 1 + -5 + 5 - 4.
-3
Evaluate 1 + 4 + -3 + 2 + -8.
-4
Calculate 1 - -3 - (310 - 297).
-9
What is (-11 - (-11 + 3)) + -5?
-8
What is the value of (4 - (9 - 8)) + 5 + -1?
7
Calculate (-1 - 3) + (7 - 6).
-3
What is (-2 - (2 - 3)) + -4?
-5
What is 3 - (-7 - -8 - -5)?
-3
Calculate -30 + 31 + -2 + -6.
-7
Calculate (71 - 67) + -9 + 0.
-5
Evaluate -13 + 6 + -3 + (4 - -2).
-4
0 - -4 - (-25 + 26)
3
What is 2 + (-8 - (6 - 10))?
-2
What is 1 + (-4 + -2 - (-10 + 5))?
0
Evaluate -14 - -7 - (2 + (1 - 1)).
-9
What is the value of -4 - (7 - 2 - 7)?
-2
What is the value of -1 - 6 - (1 + 9 + -13)?
-4
-3 + ((3 - -4) + -3 - -4)
5
What is 4 + -14 + 6 + -1?
-5
Calculate -6 + -2 - (20 + -33).
5
Evaluate (2 - -5) + 3 + -1.
9
Calculate 11 + -10 + (-2 - -1).
0
What is 5 + (-1 - (4 + -5))?
5
What is the value of 4 - (9 + -1 + -5)?
1
What is 1 - (-1 - -10 - 14)?
6
What is the value of 6 - (3 + (-5 - -6)) - 3?
-1
5 - 1 - (-1 - (-6 + 2))
1
What is (-95 - -107) + (0 - 17)?
-5
Evaluate -6 - (-20 - (-11 - 0)).
3
What is -10 - 1 - -1 - -9?
-1
-18 - -2 - -7 - (-8 - -3)
-4
(0 - -7) + -6 + 4
5
5 - (6 - -2 - -2)
-5
Calculate -7 + 9 + 8 - 9.
1
Calculate 0 + (-3 - (-1 + 1) - -2).
-1
What is the value of (-3 + 3 - 1) + 1 + 2?
2
Evaluate -3 + (9 - 13) + -3 + 6.
-4
What is -2 + 10 - (-9 + 22)?
-5
Evaluate -8 + 7 - (7 + -4 - 3).
-1
-1 - (-5 + -1 + -1 + 5)
1
What is 1 + -1 + -1 + 7?
6
What is 3 - (4 - (-4 + 6))?
1
Calculate 1 + 3 + 0 + -7 + 1.
-2
2 - (-1 + 3 + (-6 - -3))
3
8 + (-11 - (8 - 13))
2
Evaluate 1 + (3 - (4 + -3)).
3
What is 6 + (0 + 6 - 16)?
-4
2 + -2 + -2 + (-3 - -5)
0
Evaluate 1 + 0 + -2 + (51 - 51).
-1
What is -5 + 8 + -2 - 2 - -5?
4
Evaluate -2 - (-2 + -1 + 5 - 0).
-4
-15 - (0 + -5) - (2 - 9)
-3
-8 - (-2 + (-8 - -4) + 6)
-8
Calculate -5 + 17 + 0 - 6.
6
What is the value of -2 + -17 + 23 + 1 + -4?
1
9 - (2 - 7 - -8)
6
Calculate 12 + -5 - 2 - 1.
4
What is 10 + -5 + 4 + -4?
5
What is (-5 - -1) + (15 - 1 - 5)?
5
Evaluate 6 - (-3 - -3) - (-4 - -10).
0
What is 5 - ((-9 - (-4 + 4)) + 6)?
8
Calculate (0 - 3) + 15 - 7.
5
Evaluate 6 - (3 + (0 - 5)) - 4.
4
Evaluate (-5 - 3) + 3 + 12.
7
Calculate 0 + -1 + -1 + -191 + 196.
3
What is -4 + 2 + 5 + 7?
10
Calculate 11 - 6 - (2 + -4 + 13).
-6
-2 + 1 - (-2 - (9 - 9))
1
What is the value of 1 + 6 + -1 + -7 + 2?
1
Evaluate -19 - -10 - (0 + -8).
-1
What is (8 - (0 - -2)) + -3 - 1?
2
What is -6 + -4 + 3 - (-9 + 0)?
2
Evaluate 18 + -13 - 1 - (2 - -1).
1
What is the value of 1 + 7 + -2 + -4?
2
Calculate (0 - -1) + -18 + 21 + 2.
6
What is the value of -10 + (-8 - -11) + 7?
0
What is -10 + (3 - (-12 - -5)) + -6?
-6
What is the value of 2 + (6 - 2 - (5 + -1))?
2
Evaluate 4 + (12 - 13 - (3 + -1)).
1
What is 4 - -2 - (-13 - -14)?
5
What is 2 - (1 - (-4 + 3))?
0
(-3 - (1 + 1)) + 9 + -4
0
Calculate (-4 - -9) + (-2 - -5) - -1.
9
(-7 - -5 - -6) + -3
1
What is the value of (-10 - 2) + -6 - -9?
-9
Calculate -1 - -3 - (7 + -11 - -3).
3
What is the value of 0 - (-6 + 2 - -3)?
1
What is -2 - (-7 + 4 + 0)?
1
(0 - (-3 - 0) - -3) + -7
-1
What is (0 - -2) + (-2 - -1)?
1
What is the value of 4 - (5 + -1 - (-14 - -20))?
6
(-7 - -13) + -13 - -9
2
What is the value of 9 - (-4 - (-8 - 0))?
5
What is the value of (7 - (8 - (-1 - -5))) + -7?
-4
What is 3 - (0 - (0 - (1 + 3)))?
-1
What is the value of -1 - 1 - (7 - (7 + -2))?
-4
Evaluate 3 + 0 + (-2 - (5 + -9)).
5
-15 + 2 + 4 + 7
-2
What is the value of 20 + -18 + (-7 - 1)?
-6
3 + (-2 + -4 - -3)
0
-2 - (4 - 7 - 1)
2
Calculate 1 + 8 + (-4 - -10) + -6.
9
Evaluate (-1 - 0) + -5 + 8.
2
Evaluate (-1 - 2) + 4 + -4.
-3
(-12 - -8 - 3) + (2 - -5)
0
What is 5 - (10 - 8) - -6?
9
What is -4 + 2 + (-42 - -43)?
-1
Evaluate 1 + -2 - (-14 - -12).
1
Calculate 0 - 6 - (17 + -20).
-3
(1 - 7) + (6 - 14) + 10
-4
Evaluate -4 + (4 - 0) + -1 + 0.
-1
Evaluate -19 + 32 - (-3 + 21).
-5
Calculate (3 + 0 - 0) + -4 - -2.
1
Evaluate -1 + 7 + -4 + -6.
-4
Evaluate (-7 - -2) + 0 + -3 + 4.
-4
What is 6 - 9 - (-6 + -2)?
5
Calculate -12 + 2 + 4 - -3.
-3
Calculate -2 + -12 + (59 - 52).
-7
What is 1 - (-2 - (-7 - -1))?
-3
What is 1 + -4 - (-3 + 3) - -3?
0
Calculate -3 + 0 + -4 + -2 + 4.
-5
3 - (8 + (-3 - -2))
-4
Calculate 3 - (2 - 2) - 3.
0
What is the value of -2 + 2 - (-1 - (-3 - 1))?
-3
What is -4 - (6 - (8 - 3)) - -4?
-1
Calculate 7 + 13 + (-8 - 8).
4
What is 0 + -2 - -9 - 4?
3
Evaluate 2 + (-7 - (-4 - 0)).
-1
Calculate 0 - (-3 - (4 - 7)).
0
What is the value of (-8 - -6) + 2 - 8?
-8
Calculate (1 - -8) + (20 - 25).
4
Evaluate -96 + 96 - (6 + -2 + 0).
-4
What is the value of -7 + 0 + (-6 - -22 - 11)?
-2
Evaluate -88 - -86 - (-1 - (0 + 0)).
-1
Evaluate -2 + (-27 + 23 - (-1 + -2)).
-3
What is (-6 - -2) + 2 + -3 + 0?
-5
What is the value of 2 - (8 + -5 + -8 - -4)?
3
Evaluate 10 + (-27 - -5) + 8.
-4
What is the value of 1 + (-7 - (0 - 3))?
-3
Calculate 22 - ((4 - 3) + 11).
10
Evaluate -6 + 0 + 6 - (1 - 0).
